s 580 - 7?
575
In base 3, what is -12221011 - -1200?
-12212111
In base 12, what is -2b0b3 - 4?
-2b0b7
In base 14, what is 2 - 1252?
-1250
In base 15, what is 3 + -3d06?
-3d03
In base 6, what is 1253335 + -12?
1253323
In base 16, what is 3 + 88e06?
88e09
In base 13, what is -28c54 + -3?
-28c57
In base 12, what is -113414 + -b?
-113423
In base 3, what is -1011020101 + -12?
-1011020120
In base 15, what is 1 - -522d?
522e
In base 7, what is 132433 + -5?
132425
In base 12, what is -1aa47 + 1?
-1aa46
In base 6, what is 135 - -5500?
10035
In base 16, what is 9 - 1827?
-181e
In base 11, what is -16260 + 7?
-16254
In base 14, what is 4c8 + -188?
340
In base 4, what is -32122222203 - -2?
-32122222201
In base 11, what is -8 + 6966?
6959
In base 16, what is -52 - -1b9?
167
In base 8, what is 4 + 462206?
462212
In base 2, what is -101001010000111 - 111?
-101001010001110
In base 12, what is -5b336 - 6?
-5b340
In base 10, what is 626 + -46?
580
In base 2, what is -1010100110011 - 100111?
-1010101011010
In base 8, what is 262 - -263?
545
In base 9, what is 15 + 6284?
6310
In base 7, what is 2 - 24653?
-24651
In base 14, what is -13 + 8883?
8870
In base 13, what is 891aa - 0?
891aa
In base 15, what is e7 - -2b0?
3a7
In base 4, what is -1332 + 10022?
2030
In base 12, what is 15590 - 20?
15570
In base 13, what is 60bb5 + 1?
60bb6
In base 9, what is -60721 - 15?
-60736
In base 15, what is 6 - 6b72?
-6b6b
In base 5, what is -12 - 12223001?
-12223013
In base 6, what is 245 + -1213?
-524
In base 13, what is 1 + 6034?
6035
In base 7, what is -21316 + -24?
-21343
In base 4, what is -2010123 + 10?
-2010113
In base 16, what is 2 - 15bbeb?
-15bbe9
In base 5, what is -10430 + 122?
-10303
In base 4, what is 32313 + -211?
32102
In base 11, what is -243 - -a6?
-148
In base 7, what is 151 - -306?
460
In base 7, what is -3466 + 1410?
-2056
In base 2, what is 110 + -1000101101?
-1000100111
In base 6, what is -123 - 103135?
-103302
In base 16, what is 527 + 240?
767
In base 7, what is 163 - -106240?
106433
In base 13, what is 1 - 57c5?
-57c4
In base 6, what is 112 + -23030?
-22514
In base 10, what is -3 + 36104?
36101
In base 16, what is -343 - 5?
-348
In base 7, what is 1 - 1623?
-1622
In base 15, what is a21d - 5?
a218
In base 15, what is -30 - 18c?
-1bc
In base 12, what is -849b5 + -1?
-849b6
In base 9, what is 104 - 1737?
-1633
In base 2, what is 11100010000001100 + 110000?
11100010000111100
In base 11, what is 12892 - -3?
12895
In base 5, what is 142121 - -1324?
144000
In base 9, what is 303865 - 2?
303863
In base 9, what is -4 + -2084?
-2088
In base 16, what is 3b6e - -a?
3b78
In base 16, what is -8a4 - 1a?
-8be
In base 4, what is 10 - 3133022201?
-3133022131
In base 14, what is 3 - -1523?
1526
In base 16, what is 3e7a8 - -26?
3e7ce
In base 10, what is -2 - -343664?
343662
In base 16, what is -1740 + -5f?
-179f
In base 15, what is -34ce + 4?
-34ca
In base 14, what is -1656 - 1b2?
-1828
In base 11, what is -1222 - 314?
-1536
In base 5, what is 441304 + 2?
441311
In base 15, what is -29 + 341?
317
In base 12, what is -18 - -33bb?
33a3
In base 14, what is -60 - -a85?
a25
In base 11, what is 9 - 1723?
-1715
In base 15, what is 7 + 4c93?
4c9a
In base 9, what is -8372 + 102?
-8270
In base 4, what is 111 + 123121101?
123121212
In base 5, what is -41 + 420214?
420123
In base 16, what is 5 - 5ccb5?
-5ccb0
In base 4, what is 1 + -311021203?
-311021202
In base 5, what is 1440 + -222200?
-220210
In base 8, what is 702 - 26?
654
In base 2, what is 101000101101000 - -101001?
101000110010001
In base 7, what is -204203 + 4?
-204166
In base 10, what is -15 - -4174?
4159
In base 12, what is -3 + -4b19?
-4b20
In base 3, what is 20102020 - 222?
20101021
In base 8, what is -6111 + -106?
-6217
In base 11, what is 3 + a498a?
a4992
In base 15, what is -8590 - -2?
-858d
In base 16, what is 453f - -1?
4540
In base 16, what is -7a9 - 1e?
-7c7
In base 4, what is -1212200 - 3?
-1212203
In base 14, what is -32 + 6b9a?
6b68
In base 9, what is -244 + 378?
134
In base 13, what is 61 + -43a?
-3a9
In base 2, what is -110101 + 10100111010011111?
10100111001101010
In base 13, what is -3 - -1301?
12cb
In base 10, what is 45 - -22377?
22422
In base 7, what is 1342432 - 6?
1342423
In base 2, what is -101110 - 110011101101?
-110100011011
In base 9, what is 12454 + 334?
12788
In base 5, what is -1101214 - 10?
-1101224
In base 12, what is -3 - 14a149?
-14a150
In base 2, what is -101 - 1110100111011101?
-1110100111100010
In base 9, what is -1322 + -2722?
-4144
In base 13, what is 381518 + 3?
38151b
In base 14, what is 114ad2 - 1?
114ad1
In base 12, what is 4a1b - 6?
4a15
In base 2, what is 100011001 + 10011001?
110110010
In base 2, what is 1010001 - -1101110?
10111111
In base 7, what is 215556 - 201?
215355
In base 13, what is -16 + -2a05?
-2a1b
In base 11, what is -969 - 16?
-984
In base 6, what is 210 + -135?
31
In base 10, what is -62 - 33163?
-33225
In base 9, what is -3 - -71476?
71473
In base 15, what is 92e - 14?
91a
In base 5, what is 104023 + -11?
104012
In base 2, what is -10 + -111010011011100?
-111010011011110
In base 5, what is -3123 + 10004?
1331
In base 12, what is 12411 + -1?
12410
In base 8, what is -1553343 - 4?
-1553347
In base 12, what is 51b - 29?
4b2
In base 14, what is -92 - -29a1?
290d
In base 4, what is 10010 + -20302?
-10232
In base 8, what is -4702 + 4?
-4676
In base 7, what is 3 + -234061?
-234055
In base 5, what is 24221 - 122?
24044
In base 16, what is -ab - -9?
-a2
In base 15, what is 84140b + 1?
84140c
In base 9, what is -226 + -1611?
-1837
In base 2, what is 101011010010 + 1100?
101011011110
In base 12, what is a9b23 + -4?
a9b1b
In base 15, what is -5 + 170?
16a
In base 16, what is b0 - 18f6?
-1846
In base 11, what is 240a9a - -4?
240aa3
In base 4, what is -20213201312 - 11?
-20213201323
In base 11, what is 19884 - 2?
19882
In base 15, what is -23e - 5?
-244
In base 16, what is -3 - -3a17f?
3a17c
In base 5, what is -1102104 + 14?
-1102040
In base 9, what is -6 + -20725?
-20732
In base 15, what is ac4a3 + -1?
ac4a2
In base 9, what is -26551 + -7?
-26558
In base 11, what is -5414 + -17?
-5430
In base 13, what is 2 + 1b84a?
1b84c
In base 6, what is 5 + 1520221?
1520230
In base 8, what is -466 + 16?
-450
In base 14, what is 88a - 9?
881
In base 6, what is -1204 - 2204?
-3412
In base 7, what is 5 - 1110214?
-1110206
In base 15, what is -3 - 13b9?
-13bc
In base 14, what is -145 + -c83?
-dc8
In base 15, what is 264ce + -3?
264cb
In base 7, what is -114 + -3451?
-3565
In base 16, what is 14114d - -3?
141150
In base 10, what is -4 + 45151?
45147
In base 4, what is 30321013 + -2?
30321011
In base 9, what is 688 - 371?
317
In base 13, what is -77 + -4a?
-c4
In base 13, what is 17c06 + -1?
17c05
In base 13, what is 6b80 - -6?
6b86
In base 4, what is -3013001 + 1110?
-3011231
In base 2, what is 100001 + -11110010011011?
-11110001111010
In base 2, what is 111001001010 - -100010?
111001101100
In base 14, what is -6a17 - 4?
-6a1b
In base 12, what is 32 + 3a24?
3a56
In base 7, what is 1 - -231636?
231640
In base 16, what is -428e4 - 5?
-428e9
In base 10, what is -57949 + -9?
-57958
In base 4, what is 1101 + 123200?
130301
In base 16, what is 117e9 + -5?
117e4
In base 11, what is 2 - -9025?
9027
In base 2, what is -1100010100000 + -100?
-1100010100100
In base 3, what is 2120201200 + 0?
2120201200
In base 8, what is 574 + -241?
333
In base 15, what is -a + 8b85?
8b7a
In base 15, what is 4 + 1358d?
13592
In base 6, what is -1422332 - -5?
-1422323
In base 8, what is -2602 + 23?
-2557
In base 8, what is -40102 - -3?
-40077
In base 3, what is 101 - 12202020121?
-12202020020
In base 3, what is 12 + -2000110?
-2000021
In base 9, what is 2746 + -25?
2721
In base 10, what is 3 - 368655?
-368652
In base 16, what is -7cc + 5?
-7c7
In base 2, what is -111010110 + 10111?
-110111111
In base 3, what is 20 + -102112221001?
-102112220211
In base 8, what is 2061 - -53?
2134
In base 5, what is -1302 + 101411?
100104
In base 10, what is 8841 + -6?
8835
In base 11, what is -2 + -21555?
-21557
In base 13, what is -397 - -8a4?
50a
In base 12, what is 522 - 554?
-32
In base 3, what is 2212 + 2?
2221
In base 11, what is 0 + -23247?
-23247
In base 12, what is 34675 - -3?
34678
In base 7, what is -2 + 3026055?
3026053
In b